45
Let v(a) = -a**3 - 7*a**2 - 11. Let y(c) = c**3 + 6*c**2 + 12. Let p(z) = -4*v(z) - 3*y(z). Let s be p(-10). What is the greatest common factor of 32 and s?
8
Suppose -i - 2*i + 12 = 0. Let m be 15/(i/8*1). Calculate the greatest common divisor of m and 45.
15
Let f(t) = 20*t**2 + 20*t - 2. Let d be f(-3). What is the greatest common divisor of d and 1003?
59
Let i = -35 - -34. Let k be (132/18 - 6)*(5 - i). What is the highest common divisor of 16 and k?
8
Suppose -s + 56 = 5*r + 13, 0 = 5*r - s - 47. Suppose -r*g = -14*g + 85. What is the highest common divisor of g and 17?
17
Let d be ((-6)/(-7))/((-2)/(-14)). Let u = d + -3. Suppose 63 = -11*k + 14*k. What is the greatest common factor of u and k?
3
Suppose -15 = -5*i - 2*b, -i + 4*b - 18 = i. Let d = 3 - i. What is the greatest common factor of d and 8?
2
Let y(h) be the first derivative of 3*h**2/2 + 17*h + 7. Let r be y(17). Calculate the greatest common factor of 17 and r.
17
Suppose 3*h + 4*u - 38 = 0, -5*u = -7*h + 2*h + 40. What is the greatest common divisor of h and 65?
5
Suppose -29 - 39 = -2*b + s, 2*s + 172 = 5*b. Calculate the greatest common factor of 27 and b.
9
Suppose -2*q - 4*w + 44 = -w, -64 = -5*q + 4*w. Suppose 3*c = 1730 - 1634. Calculate the highest common factor of c and q.
16
Suppose -4*a - 18 = -3*c, c + 0 - 6 = -a. Let g(t) = 5*t**2 - 9*t + 18. Let i be g(c). What is the highest common factor of i and 16?
16
Let q = 96 - 327. Let d = 347 + q. Calculate the highest common factor of 29 and d.
29
Suppose -d + 3*d = 4. Let s(m) = -4*m - 20. Let b be s(-12). Let f be d/(-7) - (-148)/b. What is the highest common factor of 40 and f?
5
Let m(g) = -g**3 + 11*g**2 + 20*g + 2. Let n be m(-2). Let l = -3 - -5. What is the greatest common factor of l and n?
2
Suppose 35*l - 23*l = 624. What is the highest common divisor of 598 and l?
26
Let v be (-2)/5 - (-3096)/40. Let l be (-111)/259 - (-160)/14. What is the highest common divisor of v and l?
11
Let o = 1530 + -1528. What is the greatest common factor of 400 and o?
2
Let u be (2/3)/((-10)/15). Let n(h) = 6*h**2 + 2*h + 1. Let f be n(u). Suppose -p + 5 = -f. Calculate the greatest common divisor of p and 110.
10
Suppose 0*a - 1 = -3*p + 4*a, 0 = -3*p - a + 26. Suppose 4*g - 9 - 3 = 0. Suppose 0 = 8*n - p*n - g. What is the greatest common divisor of n and 2?
1
Suppose 0 = -2*h - 0*h, -5*c + 90 = -h. Let u = -7 - -12. Suppose 0*x - c = -w - x, u*x - 75 = -4*w. Calculate the highest common divisor of 5 and w.
5
Let h be (-20)/(-300) + (-2472)/(-45). What is the highest common divisor of 30 and h?
5
Suppose -45*m + 54*m - 171 = 0. Calculate the highest common divisor of 1007 and m.
19
Suppose 0 = -3*w + t + 3417, -9*t - 2265 = -2*w - 4*t. Calculate the highest common divisor of 120 and w.
60
Suppose 0 = -2*g + j + 646, -4*j + 16 = -0*j. What is the highest common divisor of 65 and g?
65
Suppose 4*u - l - 153 = 0, -5*u + 0*l - 4*l = -207. What is the greatest common factor of 104 and u?
13
Let l(c) = c + 589. Let m be l(-15). What is the greatest common divisor of m and 126?
14
Let l(x) = -2*x - 24. Let r be l(-14). Suppose -q + 5 + 1 = 4*a, -r*q = -3*a - 81. What is the highest common factor of 126 and q?
18
Let l = 232 + -223. Calculate the greatest common divisor of 153 and l.
9
Suppose -2*u + 35 = m, -7*m + 9*m + 10 = 0. Suppose -6*t + 2*t + 16 = 0. What is the greatest common divisor of t and u?
4
Suppose -3*y = -o - 3*o + 395, -5*y + 289 = 3*o. Suppose -22 + o = q. Calculate the greatest common factor of 19 and q.
19
Let t be 19*1 + (27 - 29). Calculate the highest common divisor of t and 119.
17
Suppose 2*i = -15 + 49. Suppose -3*y + i + 19 = 0. Let g = -47 + 143. What is the highest common divisor of y and g?
12
Suppose -2*u + 6*l + 648 = 2*l, 3*u + 4*l = 952. Suppose -11*h + 7*h = 128. Let x = h - -72. Calculate the greatest common divisor of u and x.
40
Let r = 587 + -307. Calculate the greatest common factor of r and 70.
70
Let s be ((-27)/2)/(-9)*-2. Let y be (-116)/(-2) + s + -1. Let q be (2 + 2)/(2/3). What is the greatest common factor of q and y?
6
Let a = 45 - 42. Suppose 5*t - x = 152, -a*t + 136 = t + 4*x. Calculate the greatest common divisor of 93 and t.
31
Let m = 27 + -11. Suppose -m = 2*y - 90. Calculate the highest common factor of 407 and y.
37
Let m(t) = 2*t**2 - 12*t - 5. Let z be m(11). Let x = -10 + 15. Suppose -x*o - 15 = -6*o. Calculate the highest common factor of o and z.
15
Let q be 2/((-4)/(-98) - 0). Suppose b - 9 = -k, 6*k + 24 = 7*k - 2*b. Suppose -2*a + k = -0. What is the greatest common factor of q and a?
7
Let o = 0 + 9. Let b be (-1 - -2) + o/(-3). Let j be 1/(b/(-84)) + -2. What is the highest common factor of 60 and j?
20
Suppose -5*o - u = -16, 3*o + u = -3*u + 13. What is the highest common factor of 33 and o?
3
Let g = 65 - 38. Let l be 1*18/66*11. What is the highest common factor of g and l?
3
Suppose 9*k = 4*k + 85. Let u = 16 + -22. Let f(n) = 2*n**2 + 3*n - 3. Let h be f(u). What is the highest common factor of h and k?
17
Suppose -3*z = 2*t - 5, 5*t - z = 25 + 13. Suppose -71 = -t*l - 8. Let h = 196 - 97. What is the highest common divisor of h and l?
9
Let s(d) = -d**2 + 10*d - 1. Let n be s(8). Let h = -11 + n. Let b be (7*-4)/((-2)/h). Calculate the greatest common factor of b and 8.
8
Let y be (12/(-5))/((-3)/(-15)). Let j = y - -12. Suppose j = -2*h + 4*f - 0*f + 26, -4*h + 16 = f. What is the greatest common divisor of h and 15?
5
Suppose 2*b + 5 = -1. Let s = b - -7. Suppose -p = -s*p + 312. Calculate the greatest common factor of 13 and p.
13
Suppose k = 5*m - 3 + 29, 2*k = -m - 3. Suppose -13 = -3*c - k. Suppose 0 = 5*p, -4*p = -c*t + 20 + 112. Calculate the greatest common divisor of 22 and t.
11
Let s(p) = 8*p**2 + 30*p + 68. Let u be s(-3). Calculate the greatest common divisor of u and 1075.
25
Let v be 3/((-1)/(-2)*3). Let p be v - (-5 + 0/(-2)). Suppose -8 - 132 = -4*s. Calculate the highest common divisor of s and p.
7
Let d = -623 + 707. What is the greatest common factor of 1554 and d?
42
Suppose 0 = -27*b + 38*b - 308. Suppose 4*j + 6*y - y - 48 = 0, y = -j + 11. What is the highest common divisor of j and b?
7
Suppose 6*f - 1501 = 641. What is the highest common factor of f and 21?
21
Let u(q) be the second derivative of -q**5/10 + q**4/6 - q**2 - 25*q. Let h be u(-1). Calculate the greatest common factor of h and 3.
1
Suppose 5*a - 2*p - 30 = 19, 4*p = 3*a - 21. Calculate the highest common factor of a and 1375.
11
Suppose 0 = 5*h - 10*h + 10. Let t(q) = q**h + 3*q**2 - 6 + 8*q - 3*q**2. Let m be t(-10). What is the greatest common divisor of m and 35?
7
Suppose -11*k = -6*k - 5*r - 1190, 0 = -k + 5*r + 246. Calculate the highest common factor of 4 and k.
4
Let z = 113 - 38. What is the greatest common factor of z and 3?
3
Let d be 3*1*(-693)/(-77). What is the highest common divisor of 351 and d?
27
Suppose -3*o + 2*o = -5*b + 181, 33 = b + 3*o. Let x = b - 17. Calculate the highest common factor of x and 19.
19
Let z(r) = -2*r. Let u be z(-3). Let l be (-6)/(-9) - u/9. Suppose l = 3*c + c - 4. Calculate the greatest common divisor of c and 5.
1
Let y be ((-66)/9)/(-6*3/27). What is the greatest common factor of y and 297?
11
Suppose 0 = 5*s - 3*s - 4*q - 78, 0 = 2*s - 2*q - 86. What is the highest common divisor of 1457 and s?
47
Let m(q) be the second derivative of q**3/2 - 13*q**2/2 - 3*q. Suppose 60 = 10*a - 10. Let g be m(a). What is the highest common divisor of g and 20?
4
Let w(o) = -o - 7. Let v be w(-14). Suppose -v*z + 12*z - 70 = 0. Suppose u - 13 - 8 = 0. What is the highest common factor of z and u?
7
Suppose 0 = 2*y + 4*s + 8, 12*s - 11*s = -2*y + 1. Let b(n) = -3*n - 2*n**2 + 2 + 2*n + 3*n**2. Let a be b(y). Calculate the highest common divisor of 6 and a.
2
Let q be (71/(-5))/((-36)/180). Calculate the highest common divisor of q and 1136.
71
Suppose -2*i - 5*u = -0*u - 60, 8 = -4*u. Suppose 0 = 2*j - 7*j + 5. Let r = j + 6. What is the greatest common factor of r and i?
7
Let y(p) = -24*p - 792. Let h be y(-42). Calculate the greatest common divisor of h and 168.
24
Suppose -8*n - 3*n + 121 = 0. Calculate the greatest common factor of n and 6.
1
Suppose w = 203 + 17. Let a = 20 + -21. Let i be (-1 - -1) + a + 21. Calculate the